{"id":12,"date":"2024-01-31T14:47:41","date_gmt":"2024-01-31T14:47:41","guid":{"rendered":"https:\/\/www.elektrikaspovilas.lt\/?page_id=12"},"modified":"2024-04-27T17:42:39","modified_gmt":"2024-04-27T17:42:39","slug":"kontaktai","status":"publish","type":"page","link":"https:\/\/www.elektrikaspovilas.lt\/?page_id=12","title":{"rendered":"Kontaktai"},"content":{"rendered":"\n<p>Elektroninis pa\u0161tas: info@elektrikaspovilas.lt<\/p>\n\n\n\n<p>Facebook:  <a href=\"https:\/\/www.facebook.com\/elektrikas.povilas\">https:\/\/www.facebook.com\/elektrikas.povilas<\/a><\/p>\n\n\n\n<p>Mob. Nr.: +370 68964710<\/p>\n\n\n\n<p>Paslaugos teikiamos \u0160iauli\u0173 mieste ir \u0160iauli\u0173 rajone<\/p>\n","protected":false},"excerpt":{"rendered":"<p>Elektroninis pa\u0161tas: info@elektrikaspovilas.lt Facebook: https:\/\/www.facebook.com\/elektrikas.povilas Mob. Nr.: +370 68964710 Paslaugos teikiamos \u0160iauli\u0173 mieste ir \u0160iauli\u0173 rajone<\/p>\n","protected":false},"author":1,"featured_media":0,"parent":0,"menu_order":0,"comment_status":"closed","ping_status":"closed","template":"","meta":{"_ti_tpc_template_sync":false,"_ti_tpc_template_id":"","footnotes":""},"class_list":["post-12","page","type-page","status-publish","hentry"],"_links":{"self":[{"href":"https:\/\/www.elektrikaspovilas.lt\/index.php?rest_route=\/wp\/v2\/pages\/12","targetHints":{"allow":["GET"]}}],"collection":[{"href":"https:\/\/www.elektrikaspovilas.lt\/index.php?rest_route=\/wp\/v2\/pages"}],"about":[{"href":"https:\/\/www.elektrikaspovilas.lt\/index.php?rest_route=\/wp\/v2\/types\/page"}],"author":[{"embeddable":true,"href":"https:\/\/www.elektrikaspovilas.lt\/index.php?rest_route=\/wp\/v2\/users\/1"}],"replies":[{"embeddable":true,"href":"https:\/\/www.elektrikaspovilas.lt\/index.php?rest_route=%2Fwp%2Fv2%2Fcomments&post=12"}],"version-history":[{"count":4,"href":"https:\/\/www.elektrikaspovilas.lt\/index.php?rest_route=\/wp\/v2\/pages\/12\/revisions"}],"predecessor-version":[{"id":51,"href":"https:\/\/www.elektrikaspovilas.lt\/index.php?rest_route=\/wp\/v2\/pages\/12\/revisions\/51"}],"wp:attachment":[{"href":"https:\/\/www.elektrikaspovilas.lt\/index.php?rest_route=%2Fwp%2Fv2%2Fmedia&parent=12"}],"curies":[{"name":"wp","href":"https:\/\/api.w.org\/{rel}","templated":true}]}}